b(s) = 10*s - 7 + 3 - 4*s - 5*s - 9. What is b(o)?
-7
Let a(k) = -9*k**2 + 16*k**2 - 2 - 322*k**3 + 9*k + 321*k**3. Give a(8).
6
Suppose 0 = 4*p - 3*m + 10 + 23, m = 3*p + 21. Let b = -2 - -5. Let l(i) = 0*i**3 - 7*i + b*i**3 + 5*i**2 - 2*i**3. Determine l(p).
6
Let m(a) be the first derivative of 2*a**2 - 2*a - 15. Let n be m(0). Let o(x) = 5 + 0 - 2 + 2*x. Calculate o(n).
-1
Suppose u + 10 = 2*b, 0*u + 5*u = -20. Let l(c) = -4*c + 5. Let n(z) = -4*z + 4. Let v(d) = b*l(d) - 4*n(d). Give v(-1).
-5
Let v(z) = z**3 - z**2 - z + 1. Let n(i) = -2*i**3 - i**2 + 4*i - 3. Let f = -2 - -1. Let k = 86 + -87. Let w(y) = f*v(y) + k*n(y). What is w(-3)?
2
Let h(l) = -3*l - 7. Let b(q) = -7*q - 14. Let n(j) = -2*b(j) + 5*h(j). Suppose 0 = v + 2*v - 4*m + 12, 3*v - 5*m + 15 = 0. Give n(v).
-7
Suppose n + 48 = 6*n - 4*z, 2*z = 2*n - 20. Let d be ((-48)/(-16))/(n/(-5) - -1). Let w(y) = y**3 + 6*y**2 - y - 4. What is w(d)?
26
Let h(n) = 4*n**2 + 24*n + 9. Let s(j) = 5*j**2 + 29*j + 10. Let p(c) = 6*h(c) - 5*s(c). Determine p(-4).
-8
Let n = -19 + -31. Let t = 47 + n. Let g(z) = -z - 2*z + 6*z + 3. Determine g(t).
-6
Let v(g) = 4*g**2 - 14*g - 28. Let s(u) = u**2 + u + 1. Let f(m) = -m**2 + 11*m + 21. Let l(n) = f(n) - 2*s(n). Let b(w) = -7*l(w) - 5*v(w). Determine b(-6).
1
Let d(v) = 7*v + 11. Let w(s) = 20*s + 32. Let p(l) = -14*d(l) + 5*w(l). Suppose 0 = j + 2, -3*h + 4*j - 8 = 5. Calculate p(h).
-8
Let j = 74 + -23. Let n = j - 51. Let t(r) = -r**2 - r - 7. What is t(n)?
-7
Let x = 27 + -26. Let c(m) = 2*m**2 - m**3 + 0*m**3 - 8*m**3 - 1. Calculate c(x).
-8
Let p(z) = -z. Let m(l) = -l**3 - 6*l**2 - 5*l. Let g be m(-5). Suppose -2*t + 55 = 24*o - 21*o, 3*o = -3*t + 90. Suppose g = 2*x + 3*x - t. What is p(x)?
-7
Let p be 18/(-24)*(-4)/1. Let g(r) = -3*r**2 + 2*r - 2. Let f(t) = 3*t - 10*t + 9 + 16*t**2 - 2*t. Let d(q) = -2*f(q) - 11*g(q). Calculate d(p).
1
Let b = -13 + 16. Suppose 0 = 2*a - b*a. Let r(q) = -q**2 + q - 1. Calculate r(a).
-1
Let d be (-10)/(-4)*-3 - 27/(-18). Let q(h) = h + 51 - 23 - 28. Give q(d).
-6
Suppose 5*b = 8*b + 4*a + 21, a + 12 = -3*b. Let n(z) = -z**2 - 2*z + 6. What is n(b)?
3
Let h(v) = v**3 - 5*v**2 + 6*v - 1. Let t be ((-74)/(-3))/(6/9). Let d = t - 14. Let o = -19 + d. Calculate h(o).
7
Let f be -4 - (32/(-8) + -3). Let n(b) = -5*b**2 + 2*b**2 - b + 3 + b**3 - 3*b. Give n(f).
-9
Let q(d) = 2*d**2 - 7*d - 1. Let g(a) = -a**2 + 40*a + 32. Let r be g(40). Let y be (-9)/2*6*-1. Let c = r - y. What is q(c)?
14
Let n(j) = -j**3 - 6*j**2 - j + 4. Let g(d) = d**3 + 5*d**2 + d - 3. Let l(s) = 6*g(s) + 5*n(s). Suppose 5*x + 5*y = 5, 2*x = -0*x + 4*y + 8. Calculate l(x).
12
Let p = 5 - 8. Let n(m) = 9*m + 9. Let j(g) = -g - 1. Let w(i) = -6*j(i) - n(i). What is w(p)?
6
Suppose 3*d - 7*d + 3*b = 9, -2*d - 32 = 4*b. Let m = -15 - -26. Let k(u) = u + m*u**3 - 10*u**3 - 6*u**2 - 4 - 2*u**3. Give k(d).
-10
Let y(f) = 2*f + 3. Suppose 0 = 4*p - 7 - 13. Suppose -2*s - p*q = -43, -2*q + 2 = -2*s + 2*q. Suppose -x - 5*g + 12 = -s, 5*g - 37 = 3*x. Calculate y(x).
-5
Let q(z) = -24*z**2 + 6*z + 5. Let j(m) = 5*m**2 - m - 1. Let k(g) = -11*j(g) - 2*q(g). Suppose -16*i - 12 + 28 = 0. What is k(i)?
-7
Let x(d) = 2*d + 21. Let a(o) = 3*o + 39. Let t(p) = -3*a(p) + 5*x(p). Determine t(11).
-1
Let z(t) = 2*t. Let s(n) = -n**3 + 5*n**2 + n - 8. Let x be s(5). Calculate z(x).
-6
Let p(b) be the first derivative of -b**4/4 - 2*b**3/3 + b**2/2 - 5*b + 764. Give p(-3).
1
Let k(x) = 4*x**2 - 3*x. Let b(r) = -r**2 + r. Suppose 111*w = 115*w - 56. Let h(q) = w*b(q) + 4*k(q). Calculate h(-4).
24
Let q(u) be the first derivative of u**4/4 - 4*u**3/3 - 2*u**2 - 7*u + 193. Determine q(5).
-2
Let s = 24 + -18. Let r be 1 + -4 + s - 1. Let c(a) = -3*a**3 - a**3 - 3*a**r + 0*a**2 + 4*a**2. Calculate c(1).
-3
Let i(f) = f. Let c(n) = 3*n**2 + 2*n + 1. Let y be c(-1). Let q be (-10640)/(-336) + 2/(-3). Suppose -s - 2*w = w + 22, -y*w = 3*s + q. What is i(s)?
-7
Let u(a) = -a**2 + 7*a. Let s(d) = -2*d**2 + 9*d. Let b(z) = 2*s(z) - 3*u(z). Let h be 4/(-6)*(-36)/8. What is b(h)?
-18
Let s(k) = k**2 + 14*k + 6. Let b be s(-13). Let r(v) = -70*v + 3 + v**2 - 13 + 78*v. What is r(b)?
-17
Let s(u) be the second derivative of u**3 - 5*u**2/2 + 13*u. Let b(p) = -7*p + 6. Let c = 6 - 3. Let r(j) = c*b(j) + 4*s(j). Determine r(3).
7
Let t = -8 - -5. Let w(v) be the second derivative of -v**3/3 - 3*v**2/2 - 22*v. Determine w(t).
3
Let z(l) = 3*l - 1. Let d be (-4)/(-5) - 1653/285. Calculate z(d).
-16
Let m = -395 - -386. Let r(b) = b**3 + 8*b**2 - 9*b - 2. Calculate r(m).
-2
Let z(o) = o**2 - 1. Suppose -371 = -53*t - 0*t. What is z(t)?
48
Let p(x) be the third derivative of -x**5/60 - x**4/8 - x**3/6 - x**2. Suppose 8*a - 6*a + 3*v = -41, -4*v = -a - 15. Let z = -21 - a. Determine p(z).
1
Let k(c) = c**3 + c**2 + 2. Let a(z) = 2*z**3 + z + 3. Let s(p) = -2*a(p) + 3*k(p). What is s(3)?
-6
Suppose 0 = 7*x + 4*x + 22. Let c(m) = 3*m**2 + 3*m + 4. Let o(q) = 7*q**2 + 6*q + 9. Let y(p) = -5*c(p) + 2*o(p). Calculate y(x).
0
Let k(x) = -x**3 + 6*x**2 - 5*x. Let g(q) = 13*q**2 - 10 - 25*q + 3 + 0*q**2 + 14*q - q**3. Let o be g(12). What is k(o)?
0
Let y(d) = -2*d - 24. Let h = 1867 + -1867. Determine y(h).
-24
Let n(d) = 2*d**2 + 7. Suppose 0 = -0*o + o - 5*o. Determine n(o).
7
Let i(t) = t. Let b(l) = -2*l + 12. Let c be b(6). Let x be i(c). Let k(z) = x*z - 10 + 10 - z. Calculate k(6).
-6
Let y = -6 + 9. Let a(r) = -9*r + 132. Let n be a(11). Suppose -y*h = 3*i + n, -5*i + 2*i + 4*h = 5. Let d(b) = b**2 + 7*b - 2. What is d(i)?
-2
Suppose -9 = -h + 1. Let o(m) = 1 - 8*m**2 + h*m**2 - 9*m - 3*m**2. Calculate o(-8).
9
Let h(o) = -2*o - 1. Let j = 14 + -8. Suppose w = 3*n - 0*w - 16, -2*n + 4*w = j. Suppose 6 = -n*q + 41. Determine h(q).
-11
Let h(a) = a**3 - 16*a**2 - 2*a + 35. Let z be h(16). Let q(x) be the first derivative of -x**4/4 + 2*x**3/3 - x**2/2 + x - 3. What is q(z)?
-11
Let g be (36/(-30))/((-4)/10). Let u(l) = 132*l**2 + g - 8*l - 131*l**2 + 0. What is u(3)?
-12
Let j(c) = 2*c**2 + 2*c - 3. Let y = -638 - -635. Give j(y).
9
Let u(o) = 10*o**2 - o - 1. Let k(j) = -2*j - 14. Let r(a) = a + 14. Let t(n) = 6*k(n) + 7*r(n). Let h be t(3). Determine u(h).
10
Let t(d) = -d**2 + 2. Suppose 5*i = -4*g - 12, g + 0*g - 5*i - 22 = 0. Calculate t(g).
-2
Let q(u) = -u**2 - 10*u - 2. Suppose -23 - 77 = 10*w. What is q(w)?
-2
Let y be (-28 + 0)*(-38)/133. Let n(l) = l**2 - 11*l + 2. What is n(y)?
-22
Let w(p) = 12*p - p**2 - 4 + 6*p - 7*p. Let k be w(6). Let l(t) = -3*t + 5 + 4*t - 27*t**2 + k*t**2. Determine l(5).
-15
Let t(b) = b**2 - b - 1. Let v(w) = -w**2 - 39*w + 172. Let l be v(4). Determine t(l).
-1
Let q(d) = 2*d - 9. Suppose 2*j - f = 21, -2*j - 3*f + f + 18 = 0. What is q(j)?
11
Let z(y) = y**2 - 10*y - 3. Suppose 37 - 9 = 4*b. Give z(b).
-24
Let g(z) = -z**3 + 3*z**2 + 4*z. Suppose 11 = -f - 0*u + 3*u, -3*u = 2*f + 4. Let p = 1 + f. Let w be 20/8 + (-2)/p. Give g(w).
12
Let y = -1 + 1. Let a(g) = 3*g + 5. Suppose -1 = 2*n - 5. Let o(z) = z - 1. Let t(v) = n*o(v) - a(v). Determine t(y).
-7
Let k be 0/2 + (3 - 0). Let s(r) = 4*r**k - 2*r**3 + 1 - 4*r**2 + 2*r**2 - 3*r**3 + r. Suppose 5*g - 21 = -4*f, 0 = 5*f - 4*g + 11 + 14. Calculate s(f).
-1
Let r(q) = -50 + 20 - 8*q + 3*q**2 + 16 + 16. Determine r(3).
5
Let g(c) = c**3 - 12 - 7*c - 3269*c**2 + 3255*c**2 + 20*c. Calculate g(13).
-12
Let j(h) = -h + 13. Let m(w) = w - 13. Let i(n) = -3*j(n) - 4*m(n). What is i(18)?
-5
Let o be (4/(-6))/(3/(-18)*1). Let j(g) = 8*g - 25. Calculate j(o).
7
Let j(c) be the second derivative of c**4/4 - c**3/6 - c**2/2 + 11*c + 1. What is j(-2)?
13
Suppose -2*a - 4 = 0, v + 4*v = -3*a - 16. Let h be v/(-7) - (-20)/28. Let q(k) = -5*k + 1. Calculate q(h).
-4
Let x(h) = -4*h - 52. Let t = -2296 + 2282. What is x(t)?
4
Let o be 1 + 14 + 160/(-10). Let h(d) be the third derivative of d**5/12 + d**4/12 + d**3/6 - d**2. Calculate h(o).
4
Let t be 49/35*5*1. Let l = t + -3. Let n(i) = 1 + 4 + i**2 - 5*i + l - 13. Give n(6).
2
Let s be (-4 - (9 - 17))/(4/6). Let u(v) be the first derivative of -v**3/3 + 7*v**2/2 - 9*v - 2. Determine u(s).
-3
Let w(p) = -p**3 - 6*p**2 + 7*p + 4. Suppose 2*h = -46 + 88. Let r be h/(-9)*(-2)/(-2)*3. Determine w(r).
4
Let a(j) = -j**3 + 4*j**2 + j + 2. Let w = 88 + -84. Sup